Dec 02 14:40:49.328 INFO testing tc_cli_client-0.1.1 against master#8940af3cea4a9a9deabcaf843b2f8cad9a83fc61 for beta-1.31-5
Dec 02 14:40:49.328 INFO running `"docker" "create" "-v" "/mnt/big/crater/work/local/target-dirs/beta-1.31-5/worker-7/master#8940af3cea4a9a9deabcaf843b2f8cad9a83fc61:/target:rw,Z" "-v" "/mnt/big/crater/work/local/test-source/worker-7/beta-1.31-5/master#8940af3cea4a9a9deabcaf843b2f8cad9a83fc61:/source:ro,Z" "-v" "/mnt/big/crater/work/local/cargo-home:/cargo-home:ro,Z" "-v" "/mnt/big/crater/work/local/rustup-home:/rustup-home:ro,Z" "-e" "USER_ID=1000" "-e" "SOURCE_DIR=/source" "-e" "USER_ID=1000" "-e" "CMD=cargo +8940af3cea4a9a9deabcaf843b2f8cad9a83fc61-alt build --frozen" "-e" "CARGO_TARGET_DIR=/target" "-e" "CARGO_INCREMENTAL=0" "-e" "RUST_BACKTRACE=full" "-e" "RUSTFLAGS=--cap-lints=warn" "-e" "CARGO_HOME=/cargo-home" "-e" "RUSTUP_HOME=/rustup-home" "-m" "1536M" "--network" "none" "crater"`
Dec 02 14:40:49.652 INFO [stdout] e6f4dd919064aa48997cdd4f8abe1c086838c23003c70f74f45fa1dc4c7f0949
Dec 02 14:40:49.655 INFO running `"docker" "start" "-a" "e6f4dd919064aa48997cdd4f8abe1c086838c23003c70f74f45fa1dc4c7f0949"`
Dec 02 14:40:51.501 INFO [stderr] usermod: no changes
Dec 02 14:40:51.683 INFO [stderr]    Compiling debug_stub_derive v0.3.0
Dec 02 14:40:56.747 INFO [stderr]    Compiling tc_core v0.2.0
Dec 02 14:40:57.937 INFO [stderr]    Compiling tc_cli_client v0.1.1 (/source)
Dec 02 14:41:00.764 INFO [stderr]     Finished dev [unoptimized + debuginfo] target(s) in 9.22s
Dec 02 14:41:00.771 INFO [stderr] su: No module specific data is present
Dec 02 14:41:01.667 INFO running `"docker" "inspect" "e6f4dd919064aa48997cdd4f8abe1c086838c23003c70f74f45fa1dc4c7f0949"`
Dec 02 14:41:02.041 INFO running `"docker" "rm" "-f" "e6f4dd919064aa48997cdd4f8abe1c086838c23003c70f74f45fa1dc4c7f0949"`
Dec 02 14:41:02.399 INFO [stdout] e6f4dd919064aa48997cdd4f8abe1c086838c23003c70f74f45fa1dc4c7f0949
Dec 02 14:41:02.403 INFO running `"docker" "create" "-v" "/mnt/big/crater/work/local/target-dirs/beta-1.31-5/worker-7/master#8940af3cea4a9a9deabcaf843b2f8cad9a83fc61:/target:rw,Z" "-v" "/mnt/big/crater/work/local/test-source/worker-7/beta-1.31-5/master#8940af3cea4a9a9deabcaf843b2f8cad9a83fc61:/source:ro,Z" "-v" "/mnt/big/crater/work/local/cargo-home:/cargo-home:ro,Z" "-v" "/mnt/big/crater/work/local/rustup-home:/rustup-home:ro,Z" "-e" "USER_ID=1000" "-e" "SOURCE_DIR=/source" "-e" "USER_ID=1000" "-e" "CMD=cargo +8940af3cea4a9a9deabcaf843b2f8cad9a83fc61-alt test --frozen --no-run" "-e" "CARGO_TARGET_DIR=/target" "-e" "CARGO_INCREMENTAL=0" "-e" "RUST_BACKTRACE=full" "-e" "RUSTFLAGS=--cap-lints=warn" "-e" "CARGO_HOME=/cargo-home" "-e" "RUSTUP_HOME=/rustup-home" "-m" "1536M" "--network" "none" "crater"`
Dec 02 14:41:02.826 INFO [stdout] 139aa0acb235b553984278dc11947dda6cdc0ad122e81b94d0527273e346813c
Dec 02 14:41:02.828 INFO running `"docker" "start" "-a" "139aa0acb235b553984278dc11947dda6cdc0ad122e81b94d0527273e346813c"`
Dec 02 14:41:04.155 INFO [stderr] usermod: no changes
Dec 02 14:41:04.424 INFO [stderr]    Compiling chrono v0.4.6
Dec 02 14:41:04.425 INFO [stderr]    Compiling spectral v0.6.0
Dec 02 14:41:08.350 INFO [stderr]    Compiling pretty_env_logger v0.2.5
Dec 02 14:41:10.727 INFO [stderr]    Compiling tc_cli_client v0.1.1 (/source)
Dec 02 14:41:18.523 INFO [stderr]     Finished dev [unoptimized + debuginfo] target(s) in 14.33s
Dec 02 14:41:18.531 INFO [stderr] su: No module specific data is present
Dec 02 14:41:19.511 INFO running `"docker" "inspect" "139aa0acb235b553984278dc11947dda6cdc0ad122e81b94d0527273e346813c"`
Dec 02 14:41:19.783 INFO running `"docker" "rm" "-f" "139aa0acb235b553984278dc11947dda6cdc0ad122e81b94d0527273e346813c"`
Dec 02 14:41:20.058 INFO [stdout] 139aa0acb235b553984278dc11947dda6cdc0ad122e81b94d0527273e346813c
Dec 02 14:41:20.063 INFO running `"docker" "create" "-v" "/mnt/big/crater/work/local/target-dirs/beta-1.31-5/worker-7/master#8940af3cea4a9a9deabcaf843b2f8cad9a83fc61:/target:rw,Z" "-v" "/mnt/big/crater/work/local/test-source/worker-7/beta-1.31-5/master#8940af3cea4a9a9deabcaf843b2f8cad9a83fc61:/source:ro,Z" "-v" "/mnt/big/crater/work/local/cargo-home:/cargo-home:ro,Z" "-v" "/mnt/big/crater/work/local/rustup-home:/rustup-home:ro,Z" "-e" "USER_ID=1000" "-e" "SOURCE_DIR=/source" "-e" "USER_ID=1000" "-e" "CMD=cargo +8940af3cea4a9a9deabcaf843b2f8cad9a83fc61-alt test --frozen" "-e" "CARGO_TARGET_DIR=/target" "-e" "CARGO_INCREMENTAL=0" "-e" "RUST_BACKTRACE=full" "-e" "RUSTFLAGS=--cap-lints=warn" "-e" "CARGO_HOME=/cargo-home" "-e" "RUSTUP_HOME=/rustup-home" "-m" "1536M" "--network" "none" "crater"`
Dec 02 14:41:20.559 INFO [stdout] 10e08ee40bc70613def1940aa2e6183f7d7afe6395381394ead9058d7b374d89
Dec 02 14:41:20.567 INFO running `"docker" "start" "-a" "10e08ee40bc70613def1940aa2e6183f7d7afe6395381394ead9058d7b374d89"`
Dec 02 14:41:21.741 INFO [stderr] usermod: no changes
Dec 02 14:41:21.835 INFO [stderr]     Finished dev [unoptimized + debuginfo] target(s) in 0.07s
Dec 02 14:41:21.856 INFO [stderr]      Running /target/debug/deps/tc_cli_client-b1cf8dba6973b0ae
Dec 02 14:41:21.857 INFO [stdout] 
Dec 02 14:41:21.857 INFO [stdout] running 1 test
Dec 02 14:41:21.857 INFO [stdout] test cli::tests::can_deserialize_docker_inspect_response_into_api_ports ... ok
Dec 02 14:41:21.857 INFO [stdout] 
Dec 02 14:41:21.857 INFO [stdout] test result: ok. 1 passed; 0 failed; 0 ignored; 0 measured; 0 filtered out
Dec 02 14:41:21.857 INFO [stdout] 
Dec 02 14:41:21.861 INFO [stdout] 
Dec 02 14:41:21.861 INFO [stderr]      Running /target/debug/deps/waits_before_fetching_logs-6f9ee08b1eca8e7d
Dec 02 14:41:21.861 INFO [stdout] running 1 test
Dec 02 14:41:21.931 INFO [stdout] test should_wait_for_at_least_one_second_before_fetching_logs ... FAILED
Dec 02 14:41:21.931 INFO [stderr] error: test failed, to rerun pass '--test waits_before_fetching_logs'
Dec 02 14:41:21.931 INFO [stdout] 
Dec 02 14:41:21.931 INFO [stderr] su: No module specific data is present
Dec 02 14:41:21.931 INFO [stdout] failures:
Dec 02 14:41:21.931 INFO [stdout] 
Dec 02 14:41:21.931 INFO [stdout] ---- should_wait_for_at_least_one_second_before_fetching_logs stdout ----
Dec 02 14:41:21.931 INFO [stdout] thread 'should_wait_for_at_least_one_second_before_fetching_logs' panicked at 'Failed to execute docker command: Os { code: 2, kind: NotFound, message: "No such file or directory" }', libcore/result.rs:1009:5
Dec 02 14:41:21.931 INFO [stdout] stack backtrace:
Dec 02 14:41:21.931 INFO [stdout]    0:     0x55dedad23c6f - std::sys::unix::backtrace::tracing::imp::unwind_backtrace::h3a8b83e1922cbdde
Dec 02 14:41:21.931 INFO [stdout]                                at libstd/sys/unix/backtrace/tracing/gcc_s.rs:49
Dec 02 14:41:21.931 INFO [stdout]    1:     0x55dedad30067 - std::sys_common::backtrace::print::h00d3155a29b4020f
Dec 02 14:41:21.931 INFO [stdout]                                at libstd/sys_common/backtrace.rs:71
Dec 02 14:41:21.931 INFO [stdout]                                at libstd/sys_common/backtrace.rs:59
Dec 02 14:41:21.931 INFO [stdout]    2:     0x55dedad28c0f - std::panicking::default_hook::{{closure}}::hd7465c742e79e1bb
Dec 02 14:41:21.931 INFO [stdout]                                at libstd/panicking.rs:211
Dec 02 14:41:21.931 INFO [stdout]    3:     0x55dedad2890e - std::panicking::default_hook::h9e3966f2aa2a6e12
Dec 02 14:41:21.931 INFO [stdout]                                at libstd/panicking.rs:221
Dec 02 14:41:21.931 INFO [stdout]    4:     0x55dedad292ee - std::panicking::rust_panic_with_hook::h587f091ae747d080
Dec 02 14:41:21.931 INFO [stdout]                                at libstd/panicking.rs:476
Dec 02 14:41:21.931 INFO [stdout]    5:     0x55dedad28e91 - std::panicking::continue_panic_fmt::hb3a4fdede87f43a8
Dec 02 14:41:21.931 INFO [stdout]                                at libstd/panicking.rs:390
Dec 02 14:41:21.931 INFO [stdout]    6:     0x55dedad28d75 - rust_begin_unwind
Dec 02 14:41:21.931 INFO [stdout]                                at libstd/panicking.rs:325
Dec 02 14:41:21.931 INFO [stdout]    7:     0x55dedad6b9ac - core::panicking::panic_fmt::h6f9cebf5e7474a0b
Dec 02 14:41:21.931 INFO [stdout]                                at libcore/panicking.rs:77
Dec 02 14:41:21.931 INFO [stdout]    8:     0x55dedab3e210 - core::result::unwrap_failed::h6858ed058e9c5416
Dec 02 14:41:21.931 INFO [stdout]                                at libcore/macros.rs:26
Dec 02 14:41:21.931 INFO [stdout]    9:     0x55dedab3db93 - <core::result::Result<T, E>>::expect::h6cb51377f77c6145
Dec 02 14:41:21.931 INFO [stdout]                                at libcore/result.rs:835
Dec 02 14:41:21.931 INFO [stdout]   10:     0x55dedaaeb751 - <tc_cli_client::cli::Cli as tc_core::docker::Docker>::run::h0636ec7b20092bfe
Dec 02 14:41:21.931 INFO [stdout]                                at /source/src/cli.rs:90
Dec 02 14:41:21.931 INFO [stdout]   11:     0x55dedaaea691 - waits_before_fetching_logs::should_wait_for_at_least_one_second_before_fetching_logs::he8098ea89b50e221
Dec 02 14:41:21.931 INFO [stdout]                                at tests/waits_before_fetching_logs.rs:50
Dec 02 14:41:21.931 INFO [stdout]   12:     0x55dedaaea5f9 - waits_before_fetching_logs::should_wait_for_at_least_one_second_before_fetching_logs::{{closure}}::h7f18b2170793cf6e
Dec 02 14:41:21.932 INFO [stdout]                                at tests/waits_before_fetching_logs.rs:43
Dec 02 14:41:21.932 INFO [stdout]   13:     0x55dedaae6f2d - core::ops::function::FnOnce::call_once::h22c4a16fedffd42d
Dec 02 14:41:21.932 INFO [stdout]                                at libcore/ops/function.rs:238
Dec 02 14:41:21.932 INFO [stdout]   14:     0x55dedaaed5ee - <F as alloc::boxed::FnBox<A>>::call_box::hac903f91577a156c
Dec 02 14:41:21.932 INFO [stdout]                                at libtest/lib.rs:1468
Dec 02 14:41:21.932 INFO [stdout]                                at libcore/ops/function.rs:238
Dec 02 14:41:21.932 INFO [stdout]                                at liballoc/boxed.rs:672
Dec 02 14:41:21.932 INFO [stdout]   15:     0x55dedad3b019 - __rust_maybe_catch_panic
Dec 02 14:41:21.932 INFO [stdout]                                at libpanic_unwind/lib.rs:102
Dec 02 14:41:21.932 INFO [stdout]   16:     0x55dedab0f242 - std::sys_common::backtrace::__rust_begin_short_backtrace::hb8f0d0309526c184
Dec 02 14:41:21.932 INFO [stdout]                                at libstd/panicking.rs:289
Dec 02 14:41:21.932 INFO [stdout]                                at libstd/panic.rs:392
Dec 02 14:41:21.932 INFO [stdout]                                at libtest/lib.rs:1423
Dec 02 14:41:21.932 INFO [stdout]                                at libstd/sys_common/backtrace.rs:136
Dec 02 14:41:21.932 INFO [stdout]   17:     0x55dedab0fcf4 - std::panicking::try::do_call::hc2f7c8b9a348d8db
Dec 02 14:41:21.932 INFO [stdout]                                at libstd/thread/mod.rs:409
Dec 02 14:41:21.932 INFO [stdout]                                at libstd/panic.rs:313
Dec 02 14:41:21.932 INFO [stdout]                                at libstd/panicking.rs:310
Dec 02 14:41:21.932 INFO [stdout]   18:     0x55dedad3b019 - __rust_maybe_catch_panic
Dec 02 14:41:21.932 INFO [stdout]                                at libpanic_unwind/lib.rs:102
Dec 02 14:41:21.932 INFO [stdout]   19:     0x55dedaafcf2c - <F as alloc::boxed::FnBox<A>>::call_box::h6bfded618e480b32
Dec 02 14:41:21.932 INFO [stdout]                                at libstd/panicking.rs:289
Dec 02 14:41:21.932 INFO [stdout]                                at libstd/panic.rs:392
Dec 02 14:41:21.932 INFO [stdout]                                at libstd/thread/mod.rs:408
Dec 02 14:41:21.932 INFO [stdout]                                at liballoc/boxed.rs:672
Dec 02 14:41:21.932 INFO [stdout]   20:     0x55dedad25f7d - std::sys_common::thread::start_thread::h4c28257d67cdf9cb
Dec 02 14:41:21.932 INFO [stdout]                                at liballoc/boxed.rs:682
Dec 02 14:41:21.932 INFO [stdout]                                at libstd/sys_common/thread.rs:24
Dec 02 14:41:21.932 INFO [stdout]   21:     0x55dedad18b55 - std::sys::unix::thread::Thread::new::thread_start::hfecb2e7eff8fd34f
Dec 02 14:41:21.932 INFO [stdout]                                at libstd/sys/unix/thread.rs:90
Dec 02 14:41:21.932 INFO [stdout]   22:     0x7f92f39b06b9 - start_thread
Dec 02 14:41:21.932 INFO [stdout]   23:     0x7f92f34d041c - clone
Dec 02 14:41:21.932 INFO [stdout]   24:                0x0 - <unknown>
Dec 02 14:41:21.932 INFO [stdout] 
Dec 02 14:41:21.932 INFO [stdout] 
Dec 02 14:41:21.932 INFO [stdout] failures:
Dec 02 14:41:21.932 INFO [stdout]     should_wait_for_at_least_one_second_before_fetching_logs
Dec 02 14:41:21.932 INFO [stdout] 
Dec 02 14:41:21.932 INFO [stdout] test result: FAILED. 0 passed; 1 failed; 0 ignored; 0 measured; 0 filtered out
Dec 02 14:41:21.932 INFO [stdout] 
Dec 02 14:41:22.670 INFO running `"docker" "inspect" "10e08ee40bc70613def1940aa2e6183f7d7afe6395381394ead9058d7b374d89"`
Dec 02 14:41:22.979 INFO running `"docker" "rm" "-f" "10e08ee40bc70613def1940aa2e6183f7d7afe6395381394ead9058d7b374d89"`
Dec 02 14:41:23.270 INFO [stdout] 10e08ee40bc70613def1940aa2e6183f7d7afe6395381394ead9058d7b374d89
